{"id":3248,"date":"2018-09-05T10:55:20","date_gmt":"2018-09-05T09:55:20","guid":{"rendered":"http:\/\/sfrua.pt\/?page_id=3248"},"modified":"2018-09-05T10:55:20","modified_gmt":"2018-09-05T09:55:20","slug":"como-ser-socio-da-sfrua","status":"publish","type":"page","link":"https:\/\/www.sfrua.pt\/?page_id=3248","title":{"rendered":"\u25ba Seja S\u00f3cio da SFRUA"},"content":{"rendered":"<ul>\n<li>Dirija-se ao bar ou \u00e0 secretaria na sede e solicite um impresso<strong>*<\/strong> para inscri\u00e7\u00e3o de s\u00f3cios. Preencha e entregue com 2 fotos tipo passe.<\/li>\n<li>Valor da inscri\u00e7\u00e3o: 7.50\u20ac (valor \u00fanico,\u00a0inclu\u00ed 1 quota, cart\u00e3o, j\u00f3ia e estatutos).<\/li>\n<li>Quota mensal: 1\u20ac (adulto)\u00a0 \u00a0 0,70\u20ac (menor ou reformado).<\/li>\n<li>* <strong><a href=\"http:\/\/sfrua.pt\/wp-content\/uploads\/2018\/09\/Proposta_S\u00f3cio_SFRUA.pdf\">Impresso proposta de S\u00f3cio<\/a><\/strong>\u00a0(PDF)<\/li>\n<\/ul>\n","protected":false},"excerpt":{"rendered":"<p>Dirija-se ao bar ou \u00e0 secretaria na sede e solicite um impresso* para inscri\u00e7\u00e3o de s\u00f3cios. Preencha e entregue com 2 fotos tipo passe. Valor da inscri\u00e7\u00e3o: 7.50\u20ac (valor \u00fanico,\u00a0inclu\u00ed 1 quota, cart\u00e3o, j\u00f3ia e estatutos). Quota mensal: 1\u20ac (adulto)\u00a0 \u00a0 0,70\u20ac (menor ou reformado). * Impresso proposta de S\u00f3cio\u00a0(PDF)<\/p>\n","protected":false},"author":1,"featured_media":0,"parent":0,"menu_order":1,"comment_status":"closed","ping_status":"open","template":"","meta":{"footnotes":""},"class_list":["post-3248","page","type-page","status-publish","hentry"],"_links":{"self":[{"href":"https:\/\/www.sfrua.pt\/index.php?rest_route=\/wp\/v2\/pages\/3248","targetHints":{"allow":["GET"]}}],"collection":[{"href":"https:\/\/www.sfrua.pt\/index.php?rest_route=\/wp\/v2\/pages"}],"about":[{"href":"https:\/\/www.sfrua.pt\/index.php?rest_route=\/wp\/v2\/types\/page"}],"author":[{"embeddable":true,"href":"https:\/\/www.sfrua.pt\/index.php?rest_route=\/wp\/v2\/users\/1"}],"replies":[{"embeddable":true,"href":"https:\/\/www.sfrua.pt\/index.php?rest_route=%2Fwp%2Fv2%2Fcomments&post=3248"}],"version-history":[{"count":0,"href":"https:\/\/www.sfrua.pt\/index.php?rest_route=\/wp\/v2\/pages\/3248\/revisions"}],"wp:attachment":[{"href":"https:\/\/www.sfrua.pt\/index.php?rest_route=%2Fwp%2Fv2%2Fmedia&parent=3248"}],"curies":[{"name":"wp","href":"https:\/\/api.w.org\/{rel}","templated":true}]}}